 5*g - 20. Let m be c(-8). Suppose 0*f = m*f - 17060. Is f a composite number?
False
Let k(f) = -2*f + 37. Let n = 9 + 5. Let o be k(n). Suppose o*c = c + 6648. Is c composite?
True
Let j be 6 + (-1 - (-10632)/4 - 6). Is (j/4)/(38/152) composite?
False
Let f(j) = 3*j**2 + 16*j + 21. Let y be f(-3). Suppose y = 4*l - 8226 - 9802. Is l composite?
False
Suppose 53276 = 4*r + 4*q, -r - 3*q + 11369 = -1944. Let z = 25779 - r. Suppose -z - 6949 = -4*t + 2*f, 4*f - 12 = 0. Is t prime?
False
Suppose 3*b = 2*a - 603638, 29*b + 905435 = 3*a + 30*b. Is a prime?
True
Let f(a) = 160*a**3 - 2*a**2 + a - 1. Let p(i) = i**3 - 8*i**2 + 2*i - 16. Let z be p(8). Suppose z = 5*j - 2*j - 6. Is f(j) a composite number?
True
Suppose -d = 5*g - 17923, 4*g - 17919 = -6*d + 5*d. Is d composite?
False
Let y(i) be the third derivative of 113*i**5/60 + i**4/24 + 5*i**3/6 + 118*i**2. Is y(-3) a composite number?
False
Suppose -s + 2*o + 157391 = 0, 4*o = -5*s + 790668 - 3699. Is s a composite number?
False
Let k(z) = -4*z + 1 - 8*z + 5 + 7*z - z**2. Let r be k(5). Is r*(19/(-4) - 1/(-2)) composite?
True
Suppose -507205 = -2*b - q, -565*b + 561*b + 4*q = -1014392. Is b prime?
True
Let u = 2278 + 4149. Suppose 5*g + 0*q - u = -q, 5*g = 4*q + 6417. Is g prime?
False
Let t = 857454 + -587133. Is t a prime number?
False
Suppose -19994*g + 19992*g + 161698 = 0. Is g a composite number?
False
Let z = -152837 + 281206. Is z a composite number?
True
Let f(x) = -2*x**3 + 17*x**2 + 25*x + 3. Let y(w) = w**3 - 8*w**2 - 12*w - 2. Let t(p) = 4*f(p) + 7*y(p). Is t(-15) a composite number?
True
Suppose -3*x = -11*f + 13*f - 2557, -5*x - 1272 = -f. Is f a prime number?
True
Is (-35)/10*(-765463664)/392 a prime number?
True
Let l = 379519 - -565254. Is l prime?
True
Suppose 4*l - 1245 = -449. Suppose -7*m - 718 + 67 = 0. Let c = l + m. Is c a prime number?
False
Is (10666357/39 - 10)*3 a prime number?
True
Let m(p) be the second derivative of 17*p**4/6 - 8*p**3/3 + 7*p**2/2 + 486*p. Suppose 2*v - 2 = -0*v - 5*l, -5*l - 10 = 0. Is m(v) a composite number?
True
Suppose -5*u = -4*x + 1074707 - 137931, 0 = -4*x + 3*u + 936784. Is x prime?
False
Let a(z) = 3*z**3 - 22*z**2 - 22*z - 25. Let s be a(18). Let c = 49726 - s. Is c a composite number?
False
Let j = -21192 + 42921. Is j a composite number?
True
Let h(w) = w**3 - 12*w**2 + 12*w - 8. Let z be 2*(4 + 3/2). Let i be h(z). Is i - -488 - 0/4 a composite number?
False
Is (4/(-16) - (-49831400)/(-480))*-3 a prime number?
True
Suppose 0 = 23*o - 107*o + 1681764. Is o composite?
False
Let i be ((-16)/(-6) - 2)/(3/(-972)). Let x = i - -321. Let s = x - -8. Is s composite?
False
Is (-119615)/(-2) + 22/(-44) prime?
False
Let w(n) = -1345*n + 390*n - 10 + 116 - 1012*n. Is w(-3) a prime number?
True
Let c = 399 + -401. Is (-70)/(-8)*(-94832)/40*c composite?
True
Let j be (0 + 4)*4/4. Suppose 0 = -2*w + 2*m + 4892, 0 = -5*w - 0*w - j*m + 12239. Is w composite?
False
Let r(j) be the third derivative of -j**6/120 + 11*j**5/30 - 13*j**3/6 + 30*j**2. Let w be r(22). Is (-42889)/w - (-8)/(-52) a composite number?
False
Suppose 2*b - 6*s - 35177 - 39257 = 0, -3*s = -4*b + 148850. Is b prime?
False
Let x(b) = -3*b**3 + 11*b**2 - 6*b - 9. Let z(r) = 11*r - 285. Let a be z(25). Is x(a) composite?
True
Let z(t) = 320*t**2 + 110*t + 239. Is z(-25) a composite number?
True
Suppose -w - 122 + 177 = 0. Let z(q) = 4*q**3 - 6*q - w*q**2 - 16 + 7 + 61*q**2. Is z(5) prime?
False
Let z(d) = -1798*d - 12. Let h(y) = y - 2. Let c(a) = -12*h(a) + z(a). Is c(-1) prime?
False
Let g = 2056769 + -206020. Is g composite?
False
Suppose -12 = -5*d + 9*d. Let b = -5 - d. Is 1*1/b*-1858 a prime number?
True
Suppose -5*c - 4*v + 232 + 8132 = 0, -8392 = -5*c + 3*v. Suppose -3*d + 4*k + 30 = -1, -4*d = 5*k. Suppose -d*g = 411 - c. Is g a prime number?
False
Let f(l) = l**2 + 5*l + 8. Let g be f(-7). Suppose g*r - 34488 = 16*r. Suppose 15*b - 19*b = -r. Is b prime?
False
Suppose 5*y + l - 2299 = -l, -1383 = -3*y - 3*l. Let g = 884 - y. Is (5 - 4) + g*2 a prime number?
False
Let h be (-70)/(-7)*4/10. Let o(f) = f**2 - 7*f + 5. Let v be o(6). Is -2*((-498)/h + v) a composite number?
False
Suppose -207*j + 267*j = 10587300. Is j composite?
True
Suppose 5*b - 2*c = 2579205, 22*c = 11*b + 25*c - 5674214. Is b prime?
True
Let n = 84084 - -68975. Is n a composite number?
False
Let d(q) = 3*q**2 - 4*q + 3. Let a be d(6). Let b be ((-9 - -8)*-1)/((-1)/15). Is (-35)/b*(a - 0) composite?
True
Suppose 16 = 2*b + 2*a, 2*a - 19 = 2*b - 3*a. Suppose -b*u = -24*u + 36897. Is u a prime number?
False
Suppose 4*s - 17434 - 8588 = 5*d, 2*d - 13002 = -2*s. Let x = s + -3898. Is x a prime number?
False
Let c(v) = -42323*v - 10638. Is c(-19) composite?
True
Suppose -20*s + 15*s + 40 = 0. Suppose 0 = -s*f + 56178 - 4586. Is f a composite number?
False
Let l(w) = -168906*w**3 - 28*w**2 - 35*w - 6. Is l(-1) a composite number?
True
Suppose 0 = 5*q - 7 - 33. Let l be ((-15)/12)/(-5) + (-42)/q. Is l*(-1)/10 + 6777/2 a composite number?
False
Is (940254/(-126) - (-1 - 5))*-3 a prime number?
True
Let r(t) = 14 + 0 + 51*t + 16 - 3. Let k be r(-6). Let u = 1318 - k. Is u prime?
True
Suppose 79*q = 72*q + 187271. Is q a composite number?
True
Suppose 540*t - 69678823 = 481*t. Is t a prime number?
True
Let a be -1 - (-9)/18 - (-125)/2. Suppose 3*p = -n - p + 31, 5*p - a = -2*n. Is n a composite number?
False
Let q = -56 + 61. Suppose q*w = -0 - 10, 10 = k - 5*w. Suppose -4 = y, -5*v = -k*v + y - 1061. Is v prime?
False
Let y(r) = 1100*r**2 + 6*r - 43. Is y(-8) a prime number?
True
Let h(n) = 4*n**2 + 26*n - 11. Let x(l) = l**2 - 27*l + 39. Let k be x(17). Let b = k + 117. Is h(b) composite?
False
Suppose 0 = 11*l - 97052 + 2211 - 22166. Is l a prime number?
False
Let u = -3244 + 5613. Is u a prime number?
False
Is 108835/(-4*75/(-1380)) composite?
True
Suppose 2*b = 2*r + 6336 + 32980, 5*b = 4*r + 98293. Is b prime?
True
Suppose 4*q - 58992 = 4*a + 7516, 0 = 2*q + 3*a - 33259. Let r = -1933 + q. Is r prime?
False
Suppose -40 = -u + 5*k, 123 - 19 = 3*u + k. Is 73737/21 - 10/u composite?
False
Suppose 3754*m - 3757*m = -177393. Is m a prime number?
False
Suppose -15*b - 59*b = 35*b - 117602171. Is b a prime number?
True
Let r = -42 + 45. Let s be r - 3/2*966/(-7). Let u = s + 697. Is u a prime number?
True
Let y = 1150 - 3121. Let x = -1127 - y. Suppose -7*h + x = -5*h. Is h a prime number?
False
Is (-22 - -13) + 12373 - (-10 + 1) prime?
True
Is (2431200/(-54))/(-2) - 3/27 a composite number?
False
Suppose -140 = 15*v - 20*v. Suppose v*w = 6*w + 123398. Is w a prime number?
False
Is ((-12)/50)/(4/(-20))*(-113695)/(-2) a prime number?
False
Suppose 14*h - 5949853 = -11*h - 835428. Is h prime?
False
Is 3/(-2)*(7 + -9) - -628354 a composite number?
False
Let n(l) = 495*l - 42. Let b be n(8). Suppose -5*o + 588 = 3*u - b, -o = -4*u + 5985. Is u a composite number?
True
Is 1/((-6 + (2/(-663162) - -6))*-3) composite?
False
Suppose -87*r = -76*r - 5007871. Is r prime?
True
Let b be 6 - (4 + 6)*4/(-10). Is 53 + 2899 - b/(-2) composite?
False
Suppose 300*l = -15735138 + 266334922 + 54731516. Is l a prime number?
False
Suppose 0 = 3*k - 4*a - 2, 3*k - 2*a + 6 = 5*k. Let p be (-1 + k)*(-4)/(-3)*3. Suppose 3735 - 1087 = p*v. Is v composite?
True
Let q(y) = y**2 + 6*y + 8. Let b be q(-6). Suppose 0 = -12*v + b*v + 220. Suppose 3*f - 4*r - v = 0, f = 5*r + 38 - 5. Is f composite?
False
Let d = -841 - -1415. Suppose -j + 186 = -4*s, -3*j - 5*s + d = -s. Is 1 + -1 + j - (-4 + 3) a composite number?
False
Suppose -6*f = -j + 168601, -f + 295389 = 2*j - 41891. Is j composite?
True
Is (-3 - -1)*115428725/(-850) prime?
True
Let n = 1172 + -562. Let t = 903 - n. Is t a composite number?
False
Let a = 19968 - 13585. Suppose 0 = -3*c + 22*j - 23*j + 3829, -5*c = j - a. Is c prime?
True
Suppose f = 4*u - 4, -f = u - 0*f - 6. Suppose 0 = u*z - 3*z - 4*c + 6, -5*c - 55 = -5*z. Is 15/z*(-7494)/(-9) a prime number?
True
Let m = -90 + 178. Let k(x) = -85*x - 12 + 172*x - 10*x**3 - m*x. Is k(-5) a composite number?
True
Let j(a) = 254*a - 151. Is j(18) a composite number?
False
Suppose 4*y - 968151 + 45267 = 0. Is y a prime number?
False
Suppose -837 = -5*r - q + 681, 2*q = 6. Let z = r - 184. Is z prime?
False
Is -163*((-279)/186 + 131/(-2)) a c